Does 179 divide 1139693?
True
Is 8569344 a multiple of 48?
True
Is 1250916 a multiple of 135?
False
Does 9 divide 160697?
False
Does 5 divide 22620?
True
Does 10 divide 269170?
True
Is 2173980 a multiple of 95?
True
Is 615138 a multiple of 764?
False
Is 2435292 a multiple of 108?
True
Is 286118 even?
True
Is 1069790 a multiple of 1025?
False
Does 37 divide 4212085?
False
Is 687347 a multiple of 44?
False
Does 51 divide 4421700?
True
Is 237866 a multiple of 39?
False
Does 18 divide 529613?
False
Does 45 divide 676119?
False
Is 204 a factor of 815388?
True
Does 247 divide 26794?
False
Does 22 divide 595217?
False
Is 45 a factor of 188145?
True
Is 75558 a multiple of 6?
True
Does 5 divide 12290?
True
Is 155 a factor of 59055?
True
Does 10 divide 317776?
False
Is 1435491 a multiple of 21?
False
Does 27 divide 138030?
False
Does 84 divide 242340?
True
Does 5 divide 1495875?
True
Is 541408 a multiple of 32?
True
Is 830227 a multiple of 24?
False
Does 9 divide 250236?
True
Is 9469356 a multiple of 606?
True
Is 224620 a multiple of 220?
True
Does 80 divide 297360?
True
Is 31 a factor of 42593?
False
Is 582 a factor of 2272620?
False
Is 26 a factor of 19254?
False
Does 2158 divide 8858590?
True
Is 113 a factor of 7571?
True
Is 2703496 a multiple of 137?
False
Does 28 divide 9152240?
False
Does 13 divide 17437?
False
Does 18 divide 14202?
True
Is 29564 a multiple of 13?
False
Is 9 a factor of 404334?
True
Is 284237 a multiple of 87?
False
Is 524 a factor of 12064052?
True
Does 19 divide 274995?
False
Does 1225 divide 1671185?
False
Is 1452956 a multiple of 68?
True
Does 4 divide 129728?
True
Does 3 divide 199480?
False
Does 3 divide 127248?
True
Is 5 a factor of 385833?
False
Is 2409920 a multiple of 40?
True
Is 663822 a multiple of 85?
False
Does 367 divide 45948?
False
Does 166 divide 105644?
False
Does 130 divide 8771153?
False
Does 5 divide 42112?
False
Does 60 divide 313500?
True
Is 1758588 a multiple of 12?
True
Is 1257432 a multiple of 88?
True
Is 15 a factor of 394350?
True
Does 23 divide 1946076?
True
Does 182 divide 138910?
False
Is 391183 a multiple of 13?
True
Does 36 divide 129596?
False
Is 2 a factor of 34520?
True
Does 50 divide 20950?
True
Does 38 divide 49210?
True
Is 10542 a multiple of 21?
True
Does 12 divide 53675?
False
Is 14 a factor of 438745?
False
Does 191 divide 5369078?
False
Does 157 divide 99224?
True
Is 480596 a multiple of 17?
False
Does 10 divide 582201?
False
Is 4822400 a multiple of 1408?
True
Does 8 divide 6152?
True
Is 1353665 a multiple of 59?
False
Is 13705 a multiple of 2?
False
Does 64 divide 248256?
True
Is 22 a factor of 754780?
False
Does 121 divide 4546575?
True
Is 68 a factor of 388212?
True
Is 4833696 a multiple of 14?
True
Is 13 a factor of 4567292?
False
Is 453397 a multiple of 49?
True
Is 4076056 a multiple of 34?
True
Is 202 a factor of 1870775?
False
Is 742826 a multiple of 97?
True
Is 1244709 a multiple of 717?
False
Is 128166 a multiple of 82?
True
Does 4 divide 59713?
False
Does 157 divide 3436365?
False
Is 8 a factor of 8189912?
True
Is 377 a factor of 922851?
False
Is 655382 a multiple of 14?
True
Is 58884 a multiple of 7?
True
Is 181 a factor of 251740?
False
Is 24 a factor of 772257?
False
Is 11266323 a multiple of 22?
False
Does 13 divide 13569351?
False
Is 52 a factor of 166036?
True
Is 2 a factor of 189548?
True
Is 3 a factor of 4043332?
False
Does 3 divide 699844?
False
Is 157111 a multiple of 13?
False
Is 770 a factor of 506660?
True
Is 164711 a multiple of 10?
False
Is 469 a factor of 16578681?
True
Does 19 divide 150119?
True
Is 1217940 a multiple of 12?
True
Does 67 divide 436524?
False
Is 95290 a multiple of 733?
True
Is 1089948 a multiple of 989?
False
Is 644658 a multiple of 529?
False
Is 26 a factor of 208104?
True
Is 131 a factor of 914642?
True
Is 82880 a multiple of 32?
True
Does 51 divide 412182?
True
Does 1029 divide 1357745?
False
Is 14161904 a multiple of 250?
False
Is 293546 a multiple of 147?
False
Does 422 divide 878604?
True
Is 107 a factor of 42579?
False
Does 46 divide 16836?
True
Does 10 divide 1638980?
True
Is 95121 a multiple of 9?
True
Is 328689 a multiple of 10?
False
Does 4 divide 1347293?
False
Is 171707 a multiple of 5?
False
Does 268 divide 6719832?
True
Does 220 divide 388084?
False
Does 2 divide 212042?
True
Is 826896 a multiple of 368?
True
Is 150 a factor of 136200?
True
Is 1131596 a multiple of 316?
True
Is 151 a factor of 1565568?
True
Does 23 divide 69759?
True
Does 171 divide 270522?
True
Is 41602 a multiple of 11?
True
Is 118 a factor of 3262148?
False
Is 194786 a multiple of 23?
False
Does 24 divide 187656?
True
Is 4 a factor of 139520?
True
Is 18 a factor of 1863612?
True
Is 14029872 a multiple of 1288?
False
Is 3607190 a multiple of 54?
False
Does 18 divide 55552?
False
Is 27 a factor of 13014?
True
Is 41 a factor of 3711424?
False
Is 464 a factor of 13119?
False
Is 216380 a multiple of 349?
True
Is 5595596 a multiple of 6?
False
Does 298 divide 452364?
True
Does 86 divide 1570041?
False
Does 9 divide 1634990?
False
Does 132 divide 26664396?
True
Does 1448 divide 10614844?
False
Does 12 divide 1219158?
False
Does 258 divide 310068?
False
Is 831410 a multiple of 147?
False
Is 752895 a multiple of 165?
True
Does 129 divide 798123?
True
Does 43 divide 39173?
True
Is 3224295 a multiple of 1232?
False
Is 9457 a multiple of 49?
True
Does 15 divide 1698750?
True
Is 1691898 a multiple of 95?
False
Is 256 a factor of 910848?
True
Does 6 divide 1493368?
False
Is 4014240 a multiple of 48?
True
Is 86 a factor of 43002?
False
Is 170 a factor of 5873500?
True
Does 57 divide 4650046?
False
Is 6 a factor of 76082?
False
Is 1680324 a multiple of 177?
False
Does 195 divide 3798795?
True
Does 612 divide 861804?
False
Does 74 divide 539096?
False
Is 12 a factor of 15612?
True
Is 4053373 a multiple of 43?
False
Is 213 a factor of 21513?
True
Is 65 a factor of 617955?
True
Is 616 a factor of 81019?
False
Does 9 divide 713169?
True
Is 22 a factor of 5852?
True
Does 24 divide 121806?
False
Is 36639 a multiple of 59?
True
Is 101784 a multiple of 500?
False
Is 263640 a multiple of 130?
True
Does 68 divide 36108?
True
Is 964 a factor of 1753956?
False
Is 466 a factor of 1004824?
False
Is 294976 a multiple of 32?
True
Is 6 a factor of 211930?
False
Does 3 divide 147338?
False
Does 27 divide 390717?
True
Does 248 divide 37181400?
True
Is 523260 a multiple of 76?
True
Is 327754 a multiple of 14?
True
Is 20068300 a multiple of 28?
True
Is 176 a factor of 124040?
False
Is 245551 a multiple of 14?
False
Does 10 divide 1175250?
True
Does 447 divide 271329?
True
Is 141685 a multiple of 215?
True
Is 408258 a multiple of 37?
True
Does 8 divide 2387632?
True
Is 57 a factor of 3679065?
True
Does 27 divide 192072?
False
Does 2 divide 1186?
True
Is 713180 a multiple of 130?
True
Is 108 a factor of 58428?
True
Is 271308 a multiple of 12?
True
Does 637 divide 4566653?
True
Is 4633884 a multiple of 95?
False
Is 2209810 a multiple of 69?
False
Does 343 divide 5488?
True
Does 11 divide 2650670?
True
Does 89 divide 454716?
False
Does 213 divide 141879?
False
Is 575 a factor of 3607827?
False
Does 15 divide 68357?
False
Is 38 a factor of 206150?
True
Is 121874 a multiple of 147?
False
Is 267250 a multiple of 360?
False
Is 23925 a multiple of 55?
True
Is 105 a factor of 111615?
True
Is 279260 a multiple of 5?
True
Is 10831224 a multiple of 12?
True
Is 2925620 a multiple of 190?
True
Is 201 a factor of 1103892?
True
Is 27 a factor of 9363384?
True
Is 35 a factor of 16833226?
False
Is 278 a factor of 494332?
False
Does 12 divide 6555?
False
Does 13 divide 4033531?
False
Does 258 divide 143144?
False
Is 76 a factor of 3883?
False
Does 19 divide 1254190?
True
Does 43 divide 519734?
False
Is 402200 a multiple of 8?
True
Is 3 a factor of 595990?
False
Is 134 a factor of 69144?
True
Is 532848 a multiple of 24?
True
Is 12802 a multiple of 26?
False
Does 950 divide 3694550?
True
Is 2169936 a multiple of 8?
True
Is 481040 a multiple of 80?
True
Is 17 a factor of 5018832?
False
Is 495333 a multiple of 285?
False
Is 591 a factor of 179050?
False
Is 1732528 a multiple of 124?
True
Does 17 divide 7683150?
True
Is 907060 a multiple of 62?
True
Is 11 a factor of 233696?
False
Is 1052 a factor of 67805?
False
D